the greatest common factor of 28 and q.
7
Let s(g) = -g**3 + 6*g**2 + 19*g - 14. Let u be s(8). Suppose 0 = -4*m + 5*m. Suppose m = t - u. Calculate the greatest common factor of t and 20.
10
Let y(x) = x + 0 - 3 + 4. Suppose 2*u = -3*w - 0*w + 10, -3*w + 5*u = 25. Let s be y(w). What is the highest common divisor of s and 7?
1
Let f be (4/(-3) - -1)*(67 + -82). Calculate the greatest common divisor of 80 and f.
5
Let h(k) = 6*k**2 + 1. Let t(v) = v**2 - 7*v - 9. Let l be t(8). Let q be h(l). Let d be (14/(-5))/((-8)/100). Calculate the highest common factor of q and d.
7
Let i = -244 + 508. Let f be 2/(-13) + i/26. Let p = 65 - f. What is the greatest common divisor of 11 and p?
11
Let s = -28 - -63. Suppose 19 + 2 = -7*b. Let z be b/18 - (-129)/18. Calculate the greatest common factor of s and z.
7
Suppose -5*h + 26 = -2*z - 10, 0 = 3*h + 4*z - 6. Let l(m) = 2*m**2 - 8*m - 3. Let x be l(h). Let b = -11 + x. What is the greatest common divisor of b and 25?
5
Suppose -9*m + 5*m = -20. Suppose m*d + 3*h = -2, -3*d + 6*h = h + 8. Let u = d + 10. Calculate the greatest common divisor of 6 and u.
3
Suppose -7 - 8 = -3*g. Suppose -g*x + 2*o = -74, 4*o + 5 = 4*x - 47. Suppose -5*s = -84 - x. Calculate the highest common divisor of 5 and s.
5
Let i(k) = -k**2 - 3*k + 5. Let r be i(-4). Let s(t) = 3*t - 15*t**2 + r - 3*t + 16*t**2. Let j be s(-2). Calculate the highest common factor of j and 20.
5
Let t be 7/2 + 249/6. What is the greatest common factor of 240 and t?
15
Suppose 0 = 8*h - 5*h - 561. What is the greatest common divisor of h and 34?
17
Let g(w) = -4*w - 1. Let l be g(-1). Let b = 25 - 16. Calculate the greatest common factor of l and b.
3
Let s = 1240 - 1075. What is the highest common factor of 880 and s?
55
Suppose 11*d = 8*d + 3. Let t be ((0 - -2)*d)/(1/14). Calculate the greatest common factor of 196 and t.
28
Let n(u) = 21*u**2 + 9*u + 18. Let g be n(7). Calculate the greatest common divisor of 30 and g.
30
Let n(z) = 6*z - 37. Let m = 91 - 74. Let l be n(m). Calculate the highest common factor of 13 and l.
13
Let r = -128 + 18. Suppose -12*c = -51*c + 39. Let x be ((-1)/c)/(11/r). What is the greatest common divisor of x and 2?
2
Let j = 7 - 7. Suppose 3*b - 27 = -4*i, -3*b + 18 = -j*i + i. Let w be (-10)/b + (6 - -2). What is the greatest common divisor of 42 and w?
6
Let w be (16/(-10))/(2/10*-2). Suppose -w*l + 46 + 14 = 0. Let j be -2 - (-4 - -2) - -135. What is the highest common factor of j and l?
15
Suppose -6630 = -1232*q + 1222*q. What is the highest common divisor of 85 and q?
17
Let c(w) = 24*w - 280. Let m be c(12). What is the greatest common divisor of m and 984?
8
Let l be 6/2*20/15. Let z be 0/((-16)/l) + 42. Suppose 2*f - z = 28. What is the greatest common factor of f and 14?
7
Let d(b) = 12*b - 70. Let z be d(8). What is the highest common divisor of 182 and z?
26
Let l(m) be the first derivative of -m**4/4 - 3*m**3 - 7*m**2/2 + 15*m + 41. Let z be l(-9). What is the highest common factor of 52 and z?
26
Suppose 0 = -76*p - 169*p + 21376 + 4349. Suppose -3*s - 82 = -292. What is the highest common factor of p and s?
35
Let o(w) = 13*w**2 - 2*w - 2. Suppose h + 2 = 2*h. Let g be o(h). Let p be (-24 + 1)/(1/(-5)). Calculate the greatest common factor of p and g.
23
Let x = -125 + 142. Calculate the greatest common divisor of x and 391.
17
Let d(s) = -3*s - 1. Let w be d(9). Let r be 2/(-7) + (-400)/w. Calculate the highest common divisor of 2 and r.
2
Suppose 11*b - 3*b - 640 = 0. Suppose -4*g + b = -3*g. Let q(i) = i**2 + 2*i. Let x be q(-4). What is the highest common factor of g and x?
8
Suppose -4*g + 38 = -122. What is the greatest common divisor of 32 and g?
8
Suppose -5*x - 621 = -4*z, 3*x = -5*z + 245 + 522. Calculate the greatest common divisor of z and 182.
14
Let u be ((-189)/(-171) - 4/38)*-10. Let g = -19 + 30. Let f = g + u. Calculate the highest common divisor of 4 and f.
1
Let r(k) = 18*k - 9. Let c be r(5). Suppose c*d + 140 = 86*d. What is the highest common divisor of d and 4?
4
Suppose -3*c + 168 = -0*c - 3*x, -2*c = -x - 116. Calculate the highest common divisor of c and 588.
12
Suppose -52*f + 768 = -40*f. Calculate the greatest common divisor of f and 176.
16
Let l be ((-36)/(-16))/((-301)/152 + 2). Calculate the highest common factor of l and 171.
57
Suppose 19*z = 31*z - 276. What is the highest common divisor of z and 23?
23
Let p be 0 + (-21)/7 - -867. What is the highest common factor of 54 and p?
54
Let f = -498 + 604. What is the highest common divisor of 159 and f?
53
Let i(d) = -d**3 - 6*d**2 + 7*d + 5. Let p be i(-6). Let g be 1/3*(160 - 3/3). Let w = p + g. What is the highest common factor of w and 32?
16
Let w be (240/(-70))/((-16)/7 + 2). What is the highest common factor of w and 33?
3
Suppose 8*x - 264 = 4*x. Calculate the greatest common divisor of x and 22.
22
Let k = 328 - 260. What is the greatest common divisor of k and 34?
34
Let n be (3 - -15) + (2 - 5) + 0. Let d = 36 - n. Calculate the greatest common divisor of d and 21.
21
Let o(b) = -2*b**2 - 8*b - 8. Let v be o(-7). Let g = v - -237. Let i(j) = -j**2 + j + 17. Let u be i(0). What is the greatest common factor of u and g?
17
Suppose -3*g = -6*g + 129. Suppose -480 - 896 = -4*m - 4*m. Calculate the greatest common divisor of g and m.
43
Suppose 3*n - 7*n + 136 = 2*b, 3*b - 2*n - 196 = 0. What is the greatest common factor of 1122 and b?
66
Let x be 144/(-24)*2/(-3). Let s = 60 + -32. What is the highest common divisor of s and x?
4
Let c(t) = -t**3 + 12*t**2 - 22*t + 46. Let l be c(10). Calculate the greatest common factor of 104 and l.
26
Let l = 144 - 84. Let u = 53 - 51. Suppose 79 = 2*s - v, -6*v + 124 = 3*s - u*v. What is the highest common divisor of l and s?
20
Suppose -6*x + 6 = -3*x. Suppose x*r + v = -4*v - 25, -v = 5*r + 5. Suppose 4*y - y - 66 = r. What is the highest common divisor of 2 and y?
2
Suppose -c = -3*c + 106. Let t = c - 79. Let u = t - -40. What is the highest common factor of u and 98?
14
Suppose -l - 3*c + 1 + 14 = 0, -3*l = -4*c - 19. Calculate the highest common divisor of 216 and l.
9
Suppose -3*m = 5*c - 4*c - 61, 3*m - 4*c - 86 = 0. Calculate the highest common divisor of m and 440.
22
Suppose 0*k + 18 = 2*k. Let s = 1499 + -1463. Calculate the greatest common divisor of k and s.
9
Suppose 2*t - 3*t = -3. Suppose -5*h - 170 = -5*k, 3*k - t*h + 4*h = 102. Calculate the highest common factor of 17 and k.
17
Let b = -682 + 740. Let g(l) = 3*l**2 + 6*l + 6. Let x be g(-7). Suppose -2*a - 31 = -h, -x = -3*h + 2*a - 22. What is the greatest common factor of h and b?
29
Let x(m) = -2*m**2 - 13*m + 4. Let y be x(-5). Calculate the greatest common divisor of y and 133.
19
Let j(z) = 20*z - 2*z**2 + z**3 + 23*z - 3 - 48*z. Let c be j(4). What is the highest common factor of 36 and c?
9
Suppose u = -k + 72 - 22, -88 = -2*k + 4*u. Calculate the highest common factor of 56 and k.
8
Let b be 84/10 + (-18)/45. Suppose -b = -5*i - 3. What is the highest common factor of 2 and i?
1
Let p = 14 - -3. Let t be (2/(-12) + 74/111)/((-3)/(-1122)). Calculate the greatest common factor of t and p.
17
Suppose 2*w + 3*s = 26, 45*s = 3*w + 46*s - 46. Calculate the highest common factor of w and 56.
8
Suppose 3*p = -4*a + 103, -9*a + 4*a = -5. Let v be (-88)/14 - (-4)/14. Let t = 5 - v. What is the highest common divisor of p and t?
11
Suppose 0 = 2*n - 2*l + 3*l - 167, 4*n - 352 = 4*l. Calculate the highest common factor of 5 and n.
5
Suppose 8*a = 1986 + 1798. Let r = a - 321. Suppose -2*p = -33 - 5. What is the greatest common factor of p and r?
19
Let v be 13/(78/16)*(-3 - -783). What is the greatest common factor of v and 10?
10
Let i(t) = -t**2 - 4*t + 12. Let q be i(-10). Let u = q - -28. Let m = u - -50. Calculate the greatest common factor of m and 45.
15
Suppose 758 + 842 = 25*t. Calculate the highest common divisor of t and 2.
2
Let f = 1143 - 1023. What is the highest common factor of f and 450?
30
Suppose -3*n = -2*l - 36, 2*l - 22 + 28 = 0. Calculate the highest common factor of n and 4170.
10
Let w be (7 - -1)*217/124. Let b(u) = -51*u + 2. Let r be b(2). Let z be -3*(-6)/(-9) - r. Calculate the greatest common divisor of w and z.
14
Suppose 33*k - 55 = 440. What is the highest common divisor